+ 8. Determine s(v).
-4
Let f(u) = -13*u + 4. Let z = 916 - 915. Calculate f(z).
-9
Let l(o) = o. Let d(u) = -u**2 - 15*u + 1. Let g(t) = -d(t) - 6*l(t). Calculate g(-4).
-21
Let c(j) = -7*j**2 - 6*j - 2. Let b(x) = 8*x**2 + 7*x + 2. Let w(n) = -6*b(n) - 7*c(n). Determine w(-4).
18
Let b(g) = g**3 + 287*g**2 - 5*g - 293*g**2 - 2*g + 5. Determine b(7).
5
Let i(a) = -a + 4. Let f(n) = -n - 1. Let j be f(-7). Suppose j*p - 36 = 12*p. Calculate i(p).
10
Let m(q) be the second derivative of q**3/6 - 3*q**2/2 - 181*q. What is m(-7)?
-10
Suppose 5*j - 1 = -2*q + 12, -2*j - 47 = -5*q. Let w(z) = z**3 - 10*z**2 + 13*z - 1. Calculate w(q).
35
Let i(p) be the third derivative of p**5/60 + p**3/6 + 9*p**2. Let z(r) = 8*r**2 + 3*r + 6. Let a(c) = 4*i(c) - z(c). Give a(-2).
-12
Let s(h) = -1 - 1 - 1 + 4. Let d(w) = -2*w. Let x(v) = -d(v) + 3*s(v). Determine x(-5).
-7
Let r(v) = v**3 - 3*v**2 - 6*v + 3. Let l(w) = w**2 - 14*w - 7. Let x be l(15). Suppose -x*i = 5*i - 52. Determine r(i).
-5
Let j(l) = l**3 + 6*l**2 - l + 1. Let v be (10 - (5 + 0)) + -1. Suppose -v*q = -0*q + 24. Calculate j(q).
7
Suppose -5*b = 2*s - 3*s + 92, -4*b - 12 = 0. Let a be s/15 - 16/120. Let j(m) = -2 + 27*m - a - 14*m - 12*m. What is j(0)?
-7
Let x(z) = -2*z - 18. Suppose -15*v - 28 = 92. Calculate x(v).
-2
Let o(k) be the third derivative of -k**4/24 - k**3/6 + 5*k**2. Let l(w) = w - 6. Let r(t) = -l(t) + 4*o(t). Determine r(2).
-8
Let a = 18 + -13. Let d(y) = -y**2 + 4*y + 5. Let n be d(a). Let h = n + 3. Let s(i) = -i**2 + 3*i - 3. Give s(h).
-3
Let h(c) = -c**3 - 8*c**2 - c - 10. Suppose 10*p = 151 + 39. Let s = -27 + p. Determine h(s).
-2
Suppose 0 = -g + s + 6, -g + 4*s + 9 = -0*g. Suppose 2*m - 3*d + 5 = 0, g = -m + 6*d - 2*d. Let k(f) = -2*f - 7 + 7. What is k(m)?
2
Let v(r) be the third derivative of r**6/120 - r**5/6 + r**3/6 + 2*r**2 + 13*r. Calculate v(10).
1
Let r(i) be the third derivative of i**6/24 + i**5/30 + i**4/12 + i**3/6 - 54*i**2. Calculate r(-1).
-4
Let y(x) = 3*x**2 - 10*x + 18. Let k(w) = -2 + w**2 + 8 + w - 3*w - w. Let r(g) = -17*k(g) + 6*y(g). What is r(8)?
-2
Let f(r) = -r**2 - 11*r + 28. Let w be f(-13). Let m(a) = 1 + 9*a - 6*a + 3 - 2 + 2*a**w. Let z = 1 - 3. Determine m(z).
4
Let z(v) = -v**2 + 4. Suppose -g = -5*t + 25, 0 = -4*g + 2*t - 4 - 6. What is z(g)?
4
Let k be ((-4)/(-2))/(5/10). Suppose -3*f = -3*q + 21, 3*q - f - 3 = k*q. Let g(h) = q + 6*h**2 - 8*h**2 + h**2 - 5*h. Determine g(-4).
6
Let a(s) = 2*s - 6*s + 2*s - 10 + 54 + 3*s. What is a(0)?
44
Let z = -156 - -158. Suppose -3*k - 19 = z*p, 2*p - 5*k = -3*k + 6. Let j(f) = 0*f + 2 + 2*f**2 - f - 3*f**2 - f**3. Calculate j(p).
8
Let p(u) = u + 8. Let o = -107 - -97. Calculate p(o).
-2
Let n = -80 + 78. Let o be -2 + (-1 - 4/n). Let r(g) = 19*g. Determine r(o).
-19
Let u(d) = -d + 3. Let c be (-7)/(98/(-21))*-2. Determine u(c).
6
Let m(t) = t + 12. Let s be m(-7). Suppose 0 = s*o + q - 8, -3*o + 4*q + 14 = 0. Let j be (-4 - -5) + -3 + o. Let n(i) = i**2 - 1. Give n(j).
-1
Suppose 3*s = g + g + 24, 5*s - 21 = -3*g. Let k(o) = -o**3 + 5*o**2. Give k(s).
-36
Let n(l) = l + 1. Let k be n(7). Let a(z) = 7*z**2 - 6*z - 2*z**2 - 8 - z + 4*z**2 + 10277*z**3 - 10278*z**3. Determine a(k).
0
Let t(i) be the third derivative of -i**4/8 - 7*i**3/6 + 25*i**2 + 2*i. What is t(-5)?
8
Let r be 0 - -3 - -1 - (-3 - -2). Let f(z) = -z - 6*z**3 + 47*z**2 + r*z**3 - 1 - 44*z**2. Determine f(3).
-4
Let l(n) = n**2 - 23*n - 1. Let z be 6/11 - 9880/(-440). Give l(z).
-1
Suppose 2 + 1 = z. Let f(w) = w**2 - w - 1. Let b be f(z). Let p(l) = 9*l**3 + 26*l**2 + 7 - 66*l**2 - 8*l**3 + 34*l**2 + 6*l. Determine p(b).
12
Let w(u) = -2*u - 2. Suppose 12 = 22*f - 18*f. Calculate w(f).
-8
Let j(q) be the third derivative of 0*q - 1/60*q**5 - q**2 - 5/6*q**3 + 5/24*q**4 + 0. Calculate j(6).
-11
Let k(t) be the second derivative of t**2 - 1/4*t**4 + 8*t + 0 - 1/20*t**5 + 1/2*t**3. Determine k(-3).
-7
Let h be (-33*1)/3 + 4. Let n = 10 - 8. Let j(t) = 2*t**2 + t**3 - 2*t - 2 - 7*t**2 + 4*t**2 + 8*t**n. Determine j(h).
12
Let h be (28/4 - 3) + 28. Let p be (-3)/(-4) + 40/h. Let s(f) = 6 - 3*f**p - 3*f + 4*f**2 - 2*f**2. Determine s(-5).
-4
Let u be ((-8)/6)/((-2)/(-6)). Suppose -2*a - 14 = -5*t - 4*a, 5*a = t + 8. Let y(h) = 31*h**2 - 7*h - h**3 - 60*h**2 - 4 + 24*h**t. What is y(u)?
8
Let p(z) = z. Let t be -3 + (-1)/((-2)/4). Suppose -4*j - 4*k - 7 = -3*j, -4*k - 5 = 3*j. Let s(h) = -6. Let o(g) = j*p(g) + t*s(g). Calculate o(-4).
2
Let r = -86 + 89. Suppose 3*j = r*z + 9, -z - 3*j = -0*z - 5. Let v(i) = -32*i - 3. Let o(g) = 11*g + 1. Let d(n) = -11*o(n) - 4*v(n). What is d(z)?
-6
Let b be (-6)/(-5)*(-6 + 21). Let a be b/6*(-1 + 0). Let h(m) = -m**2 - 2*m. Give h(a).
-3
Let t(a) = -a. Let d(o) = 8*o. Let b(m) = d(m) + 6*t(m). Suppose -103*c + 106*c = -3. What is b(c)?
-2
Let t(b) be the second derivative of -b**5/20 - 5*b**4/12 - b**3 - 3*b**2/2 + 2*b - 134. What is t(-4)?
5
Let b(h) = -3*h + 2. Let j = -74 - -128. Let x = 56 - j. Give b(x).
-4
Let d(c) = 5*c**2 - 3*c - 3. Let z be 1 - (18 - 16 - (0 - 0)). Calculate d(z).
5
Let d(y) be the first derivative of 3*y - 1/2*y**2 + 13. Determine d(2).
1
Let x(q) = 8*q - 1 + 5*q - 8*q. Give x(-2).
-11
Let w be ((-2)/(-2))/((-1)/(-3)). Let u(v) = 3*v - 14164 - 4*v + 14163. Let n(b) = -b**2 + 6*b - 1. Let l(g) = w*u(g) + n(g). What is l(3)?
-4
Suppose l = -g - 1, 0 = l + g + 3*g + 16. Let b be -1 - 12/(l*-1). Suppose 5 = -2*s + b*o - 7, -2*s = 2*o + 16. Let c(f) = -f. Determine c(s).
7
Let t = -3 - 16. Let j = t + 18. Let w(a) = 19*a**3 + a**2 + a. What is w(j)?
-19
Let o(a) = -6*a - 3. Suppose 4 = g - 0. Suppose 7*b = 8*b - g. Let h(z) = -z + 2. Let r be h(b). Calculate o(r).
9
Let z(i) = i**3 + 7*i**2 + 1. Let n be z(-7). Let f(j) = -j**3 - j**2 - j. Let d(o) = -3*o**3 - 10*o**2 - 3*o - 5. Let p(h) = n*d(h) - 4*f(h). Determine p(6).
1
Let b(l) = -4*l**2 - 7*l + 7. Suppose -4*u + 69*s + 3 = 70*s, -3*u - 2 = 5*s. Calculate b(u).
-4
Let b(n) = -n**3 - 6*n**2 - 5*n + 3. Let a be b(-5). Let d(v) = -7*v. Give d(a).
-21
Suppose -4*c = 2*g - 24, 3*g - 20 = -c - c. Suppose -j - 3*d = 1, -j + 4*j - 10 = g*d. Let s(q) = 3*q - q**2 - 2*q**3 - j*q**2 + q - 5*q - 2. Calculate s(-2).
4
Let p(i) = -4*i**3 - 21*i**2 + i - 9*i**2 + 3*i**3 + 22*i**2 + 10. Determine p(-8).
2
Let o(f) = -1095 + 547 + 542 + f. Give o(0).
-6
Suppose 2*g - 4*t + 11 = 3, -2*t = -3*g - 4. Suppose -y + 1 = -g. Let l(f) = 3*f**3 + f**2. Calculate l(y).
4
Let j(a) = -a + 2. Let q be j(-5). Let g(y) = 2*y**2 - 10*y + 10. Let b be g(q). Suppose b - 3 = -5*v. Let x(d) = -d**2 - 4*d + 4. Determine x(v).
-17
Let j(s) be the first derivative of s**3/3 + 7*s**2/2 + s - 347. Determine j(-6).
-5
Let b(z) = -z - 2. Let o(j) = 2*j - 5. Let l be o(2). Let v(w) = 2*w**3 - 2*w**2 + 1. Let f be v(l). Determine b(f).
1
Let d(q) = -7*q + 2 + 2*q - q**2 - 5*q - 12. Give d(-10).
-10
Let r(t) = t**3 + 7*t**2 - 3*t - 6. Let g(l) = -2*l**2 - 15*l + 8. Let s be g(4). Let j = 77 + s. What is r(j)?
15
Let y(d) be the second derivative of -d**5/20 - d**4/2 + d**3 - d**2/2 + 4*d + 6. Calculate y(-7).
6
Let r(d) = 0*d**2 + 9 + 2*d**2 + 14*d - 14*d + 2*d**3. Let p(k) = k**3 + k**2 + 1. Let a(h) = -3*p(h) + r(h). What is a(0)?
6
Let c be (-1 + (-33)/(-9))/((-20)/30). Let a(n) = n**2 - 8*n + 9. Let u be a(7). Let i(y) = u*y - 6*y**2 + y + 2 - y**3 + 3*y**2. What is i(c)?
6
Let x(p) = 2*p + 3. Let z(d) = d**3 - 12*d**2 + 21*d - 4. Let u be z(10). Calculate x(u).
15
Let n(g) = g**2 + 6*g + 2. Suppose -4*i - 9 + 29 = 0. Suppose -6*x + 4*x - 14 = -2*p, -i*x + 2*p - 35 = 0. Determine n(x).
9
Let w be 21 + -23 - (0 - -1)*-8. Let k(t) = -4*t + 21. Determine k(w).
-3
Let v be 160/6*3/(-2). Let l be 4/3 + v/30. Let o(y) = -y + 14. Give o(l).
14
Let t be (65/39)/((-2)/(-6)). Let p(c) = 6*c**3 - 2*c**2 - 6*c + 1. Let x(g) = -g**3 + g. Let w(q) = t*x(q) + p(q). Calculate w(2).
-1
Let d(r) = r**3 + 4*r**2 - 5*r + 1. Let n = 80 - 53. Suppose n = -4*u + 7. What is d(u)?
1
Let v(k) = k**3 - 8*k**2 - 49*k + 16. Let l be v(12). Let m(u) = -u**3 - u**2 + 4*u + 3. Calculate m(l).
-61
Let h(w) = 5*w**3 - 31*w**2 - 15*w + 5. Let q(c) = c**3 - 6*c**2 - 3*c + 1. Let v(b) = -2*h(b) + 11*q(b). What is v(5)?
11
Let w(i) = 2*i**2 + 6*i + 6. Let f be w(-3). Let h(g) = 5*g + 4*g - 3